(((-80)/78095)/(-16))?
8
Let n(b) = -65*b + 814. What is the units digit of n(-24)?
4
Let i(h) = 16*h**2 + 46*h + 13. Let s be i(-15). Suppose -7533 = -5*a - s. What is the tens digit of a?
2
What is the hundreds digit of (24804/(-265))/(3 + 451/(-150))?
0
Let y(b) be the third derivative of -b**6/120 - 7*b**5/20 - b**3 - 20*b**2. Let d be y(-21). Let g(c) = c**2 - c - 17. What is the tens digit of g(d)?
2
Let c be -2 + 3 + 2 + (3 - 5). Let z = -18 + c. What is the tens digit of 85/1 - (18 + z)?
8
Suppose 0 = 4*u - u - 6. Suppose -42*i = -40*i - 82. Suppose 0 = -5*x - 2*a + i + 156, -u*a - 154 = -4*x. What is the tens digit of x?
3
Let t(h) = 25*h**3 + 6*h**2 - 6*h + 6. Let w be t(2). Let f = 90 + w. What is the tens digit of f?
0
Let x = -630 + 176. Let w = x - -864. What is the hundreds digit of w?
4
Let c be (3/9 + 0)*6. Suppose 7*t - c*t = 555. What is the hundreds digit of t?
1
Suppose 2*v = 3*v + 118. Let y = 119 + v. What is the units digit of y?
1
Let d(o) = 485*o**2 - 54*o - 333. What is the tens digit of d(-7)?
1
Suppose 12 = 5*h - 3. Suppose -a - 1441 = -h*z, -3*a = -2*z - 4*a + 954. Suppose 3*u + 2*f = -89 + z, 0 = 5*u - 3*f - 631. What is the tens digit of u?
2
Let t = -43 + 51. Suppose 1 = 3*d - a, 3*a - 5 = t*a. Suppose d = 3*h - 7*h - 5*r, h + 4*r + 11 = 0. What is the units digit of h?
5
Let v(n) = n + 2*n**3 - 2 - 7 + 1 + 8*n**2 - 3*n**3. Let a be v(8). Suppose -4*f + 212 = 3*o - 69, a = -4*f - 4*o + 284. What is the units digit of f?
8
Let p(c) be the second derivative of c**5/20 - c**4/2 - 23*c**3/6 - 19*c**2/2 - 53*c. What is the tens digit of p(9)?
1
Let l be ((-2)/(0 + -4))/((-1)/(-26)). Let p(f) = f**3 - 13*f**2 + 11*f - 30. Let n be p(l). Suppose 0 = -7*s + n - 15. What is the tens digit of s?
1
Let d be (-6)/9 - ((-3)/(-9) + -1). Suppose 7*b + 2054 - 8802 = d. What is the hundreds digit of b?
9
Let j be -3 + -4 + (-1 - -8). Suppose -23*q + 2239 + 1694 = j. What is the units digit of q?
1
Suppose m = 552 - 72. Suppose -12*s = -16*s - m. Let d = s + 219. What is the units digit of d?
9
Suppose -798 + 786 = 3*v, -v - 40840 = -4*s. What is the hundreds digit of s?
2
Let n(t) = -4*t + 25. Let u be n(5). Suppose -u*v = -2*v - 234. Let d = -34 + v. What is the tens digit of d?
4
Let l(h) = -14 + 2*h - 17 + 16 - 3*h**3 - 6*h**2 - 5. What is the units digit of l(-6)?
0
Suppose 2*t = v + 5320, -4*t - 3043 = -v - 13681. What is the tens digit of t?
5
What is the tens digit of 46/(-322) - (-241365)/35?
9
Suppose -6*c = -4*c + 18. Let d(n) = -n**3 - 9*n**2 + n + 13. Let g be d(c). Suppose g*u + 530 = 9*u. What is the units digit of u?
6
Let c = 1 + -1. Suppose c = -3*q + q + 24. Let t(m) = -m**3 + 13*m**2 - 11*m + 11. What is the units digit of t(q)?
3
Suppose -23*m + 16633 + 27320 = 0. What is the units digit of m?
1
Let a be (-11)/(4/(-10) - (-15)/(-25)). Suppose 4*k = a*k - 2037. What is the units digit of k?
1
Suppose -w + 0*w - 452 = -v, -5*v + 2240 = 5*w. Let p = v + -263. What is the tens digit of p?
8
Suppose -5*u - 3*w = 4218, -5*u + 7*w = 4*w + 4242. Let g = u - -1661. What is the hundreds digit of g?
8
Let a = 96205 - 63671. What is the thousands digit of a?
2
Suppose -24 + 168 = 4*l. Let n be (3/(-2))/(l/(-48)). Suppose 5*u + k - 422 = 0, -u - n*k = 4*u - 419. What is the tens digit of u?
8
What is the tens digit of -3 - ((-48)/(-6) - (80831 + -30))?
9
Let y = 88209 - 13720. What is the units digit of y?
9
Let z = -21420 + 34825. What is the units digit of z?
5
Let w(i) = 2*i**3 - 5*i**2 + 10*i - 10. Suppose -5 = 5*t - 25. What is the tens digit of w(t)?
7
What is the units digit of 104671/6 + (-9 - (-954)/108)?
5
Let c be 15/30*(0 - 0). Let o(d) = -2*d**3 - 3*d**2 + d - 100. Let l(p) = p**2 + 1. Let i(w) = -4*l(w) - o(w). What is the units digit of i(c)?
6
Suppose -88 = 4*z + 4*o, -7*z - 4*o = -8*z - 37. Let a = 809 + z. What is the units digit of a?
4
Suppose 16*h + 20*h = -30*h + 3003660. What is the thousands digit of h?
5
Let t(g) = -1. Let z(c) = 4*c - 32. Let k(f) = -5*t(f) - z(f). Let w be k(8). Suppose 4*b - 43 = a - 206, -4*a + 547 = w*b. What is the units digit of a?
3
Suppose -4*w + 9943 = r, 19*w + 39856 = 4*r + 14*w. What is the units digit of r?
9
Let f be (-7)/1*216/(-126). Suppose -20*x = -f*x - 3184. What is the tens digit of x?
9
Let n be (-12)/156 - 8218/(-26). Suppose 549 = 3*p - 4*v + 232, 3*p = 5*v + n. What is the tens digit of p?
0
Let h(s) = 847*s**3 + 33*s - 63. What is the thousands digit of h(2)?
6
Let n be (-3)/(-6)*2*0. Let x = -48 - -58. Suppose n = 13*f - x*f - 120. What is the tens digit of f?
4
Suppose 0 = 8*q - 0*q - 656. Suppose q*l - 83*l = -6. What is the hundreds digit of (-330)/(-2) + l/(3 - 5)?
1
Let f = -68 - -80. Let v(p) = -54*p + 76. Let y(q) = -18*q + 25. Let u(k) = 5*v(k) - 16*y(k). What is the tens digit of u(f)?
9
What is the tens digit of (4/(3 + 9))/(654843/81855 - 8)?
9
Suppose 704 = -30*w + 41*w. Let k = 107 - w. What is the units digit of k?
3
Suppose 0 = -4*t + 16 + 24. Suppose -1416 = -t*n + 594. What is the units digit of n?
1
What is the thousands digit of 26173 + -1 + (-1 - 3) + (1 - 4)?
6
Let b = -50837 + 95471. What is the tens digit of b?
3
Let w = 8114 - -12565. What is the units digit of w?
9
Let q(s) = -s**3 - s**2 + 2*s - 7. Let a be q(-3). Suppose -15 + a = 2*z, -5*o = z - 1845. Suppose 9*i - o = 7*i. What is the units digit of i?
5
Let x = 7790 - -59. What is the hundreds digit of x?
8
Suppose -b - 4*k + 48 = 257, 2 = 2*k. Let o = 428 + b. What is the hundreds digit of o?
2
Suppose -2*q = 4*x - 44, -9*q + 10*q = 3*x - 23. Suppose x*g - 1050 = 11478. What is the units digit of g?
2
Suppose -10*i + 12221 = i - 34001. What is the thousands digit of i?
4
Suppose 0 = 9*u - 22*u + 138398. What is the units digit of u?
6
Let b(i) = -i**2 + 15*i + 96. Let y be b(-5). What is the units digit of 6894/21 - y/(-14)?
8
Let a be (-1 - -5)*-1 - -3736. Suppose 3318 = 10*w - a. What is the units digit of w?
5
What is the units digit of (1 - (-897)/(-2))*(533 + -575)?
5
Suppose 4*v + 447 = -3*h, 0 = -2*v - 2*h + 7*h - 217. Let l = 294 + -99. Let y = v + l. What is the units digit of y?
4
Suppose 3*o - 53027 = f, 3*o - 17*f - 59653 + 6690 = 0. What is the units digit of o?
7
Suppose -33*i - 5 = -34*i. Suppose g = -2*j - 0*j + 658, 5*g - 3350 = i*j. What is the units digit of g?
6
Suppose -118*x + 132*x = -21854. Let h = -831 - x. What is the hundreds digit of h?
7
Suppose 22*c = 152498 + 462688. What is the tens digit of c?
6
Suppose 44980 = 4*w - 4*y, -859*y + 14 = -861*y. What is the ten thousands digit of w?
1
Let d(f) = -358*f + 138. Let u be d(3). Let v = 214 - u. What is the units digit of v?
0
Suppose 6119498 = -t + 155*t. What is the thousands digit of t?
9
Let h be -8*21/(-28) + -6. Suppose h = 88*r - 90*r + 268. What is the units digit of r?
4
Suppose 0 = 2*b - 2*n - 18, -2*b - 3*b + 3*n + 35 = 0. Suppose -3881 = -b*q + 1907. What is the units digit of q?
7
Suppose 331*b + 438773 - 43871 = 358*b. What is the ten thousands digit of b?
1
Let b(q) be the second derivative of q**4/12 + 3*q**3/2 + 17*q**2 + q + 59. Let h(p) = -p - 6. Let r be h(5). What is the units digit of b(r)?
6
Let w be (-60)/(-6 - -3) + 1. Suppose -4*d = -d - 150. Suppose -q + w - 7 = v, v = -3*q + d. What is the units digit of q?
8
Suppose 2*f = -3*n + 68 + 82, 89 = f - 2*n. Suppose r - 212 = 5*i + f, -4*i - 1124 = -4*r. Suppose 5*p = 6*p - r. What is the units digit of p?
8
Let s = -11 + 17. Let q be -6 - (s - -2 - 4). Let a(u) = -18*u - 17. What is the tens digit of a(q)?
6
Let p(y) = y**3 + 8*y**2 + 12*y + 99. Let x be p(-8). Suppose 492 = x*r + 3*u, -848 = -5*r + u + u. What is the tens digit of r?
6
Let d = -4982 + 5146. What is the hundreds digit of d?
1
Suppose 1008 = 2*f + 1170. Let b = 254 + f. What is the hundreds digit of b?
1
Suppose 0 = -2*d - 4*n + 14848, 2*d + 2*n - 5924 = 8936. What is the tens digit of d?
3
Suppose -5*n + 6*n - 3 = 0. Let w = n - 1. Suppose w*z - 288 + 58 = 0. What is the units digit of z?
5
Suppose -511*q = -485*q - 90402. What is the units digit of q?
7
Let u = 120 - 138. Let s be 3/u*2*-177. Suppose 4*n - 1 - s = 0. What is the units digit of n?
5
Suppose 0 = -4*q + 9*q - 215. Suppose q = 4*y + 7. Suppose -3*u = y, h + 2*u + 11 - 39 = 0. What is the 